second derivative of -o**3/2 - o**2/2 - 211*o. Let z(m) = 8*m + 7. Let f(a) = 5*l(a) + 2*z(a). Determine f(12).
21
Let f(p) = 109*p**3 + 0*p - 2123*p**2 - 110*p**3 - 6*p - 4 + 2128*p**2. Calculate f(3).
-4
Suppose -4*t + 430 = 414. Let c(n) = 6*n + 3064*n**2 - 4*n**3 - t + 5*n**3 - 4 - 3054*n**2 + 5*n. Determine c(-8).
32
Let j be (1*-1 + (-3)/(-2))*(-10866)/(-5433). Let i(t) = t**2 - t. Let x(r) = -20*r**3 + 6*r**2 - 6*r + 1. Let c(n) = -6*i(n) + x(n). What is c(j)?
-19
Let k(i) = -i**2 + 10*i - 5. Let j be 5*(5 - 95/25). Suppose 37 = j*a + 7. What is k(a)?
20
Suppose 6*k - 474 = 768. Let w(l) = 13 + k*l - 10 - 206*l. Give w(-10).
-7
Let n(i) = -i**3 - 2*i**2 + 5*i - 11. Let c be -1*(1 + -5 - -9). Determine n(c).
39
Suppose s = -b - 2, -s = 11*b - 15*b + 17. Let c(g) = -g**2 - 12*g - 1. Let q(w) = -2*w**2 - 25*w - 2. Let r(x) = s*c(x) + 2*q(x). Give r(-7).
-20
Let a = -23 + 48. Suppose -2*j - 2*t - a - 119 = 0, 2*j + 138 = t. Let n = j - -70. Let d(u) = -u**2 + 22. Give d(n).
22
Let k be 6/(-27) - (6 - (-296)/(-36)). Let z(o) = -502 + 0*o + 251 + 252 - k*o. What is z(-4)?
9
Suppose 178 = -33*h + 28*h - 3*u, 5*u + 30 = 0. Let l(g) = -g**3 - 34*g**2 - 68*g - 135. Calculate l(h).
-7
Let a(j) = 3*j**2 - 38*j + 20. Let i be a(12). Let p(w) = -2*w + 5*w + w - 3*w. Give p(i).
-4
Suppose 5*k - 9*k - g + 6 = 0, 2*k - 5*g = -30. Let s(u) be the second derivative of 13*u + 4*u**2 + k + 1/12*u**4 + 4/3*u**3. Calculate s(-6).
-4
Let w = -1 + 6. Suppose w*i = i + 12. Let s(p) = 12377859*p**2 - 6188930*p**2 - 6188930*p**2 + 2. Determine s(i).
-7
Let s(h) be the second derivative of -h**4/12 + h**3/2 + 3*h**2 - 843*h. Let l be (-14)/(-3) + 12/9. Determine s(l).
-12
Let g = 227 - 234. Let a be 31/g - (-3)/7. Let m(s) = -s**3 - 4*s**2 - 4*s + 2. Give m(a).
18
Let r(k) be the third derivative of k**4/24 - 11*k**3/6 + 105*k**2. Let j(o) = -3*o + 24. Let l(y) = 2*j(y) + 5*r(y). Give l(-7).
0
Suppose -2*x + 0*x - 8 = 0. Let o(f) be the third derivative of -f**6/120 - f**5/20 - f**3/3 + 78*f**2 - 6*f. Calculate o(x).
14
Let k(b) = 3 - 20*b**3 + 7*b - 4 + 6*b**2 - 29*b**3 + 48*b**3. Let a be 0 + 10 - (3 + 0). Let p be k(a). Let s(r) = 8*r. Give s(p).
-8
Let x(q) = -1374 + 6*q - 1371 + 5*q**2 + 2753. Calculate x(-4).
64
Let r(h) = h**3 + 2*h**2 + h + 1. Let w(d) = -3*d - 50. Let z be w(-18). Suppose 4 = -z*a + 4*m, a + 5*m - 10*m = 3. Determine r(a).
-1
Let d(s) = 2*s + 28. Let q = -7884 - -7868. Determine d(q).
-4
Let b(c) be the second derivative of 0*c**2 - 1/24*c**4 + 0 + 1/15*c**5 - 19*c - 1/2*c**3. Let f(p) be the second derivative of b(p). Give f(-1).
-9
Let u(l) = 2*l**3 - 22*l**2 + 22*l - 7. Let t be u(10). Suppose -10*f = -11*f + 2*p - 1, -f + 5*p - t = 0. Let k(c) = -c + 8. Determine k(f).
1
Suppose 3*f - h = 11, -2*f + 6 = -5*h - 10. Suppose -f*b + 2*t = 17, 9*t = -5*b + 14*t - 30. Let g(m) = m**2 + 6*m + 1. Give g(b).
-4
Let r(q) = 5*q**2 - 2*q. Suppose 5*o = -5*u - 15, -5*u + 17 = o - 4*o. Let d be r(u). Let f(h) = -h**3 + 3*h**2 + h - 6. What is f(d)?
-3
Let s(o) be the third derivative of -o**4/2 + 17*o**3/3 + 3387*o**2. Give s(5).
-26
Let o(m) be the second derivative of m**4/12 + m**3/2 + 3*m**2/2 - 8*m. Let l = 119 - 121. What is o(l)?
1
Let c(b) be the first derivative of b**2/2 - 8*b + 49. Suppose 0 = -20*w + 5*w + 60. Calculate c(w).
-4
Let g be (-4)/(-6) + (-48)/(-9). Let i be g/10 + 18/45. Let y(h) = 187*h - 4*h**3 - h**2 - 400*h - 1 + 215*h. What is y(i)?
-4
Let c(j) = 7*j**2 + 1. Let w be -9 + (1 + -2 - -2 - -2). Let b(y) = y**2 + 2*y - 12. Let h be b(w). Suppose 2*x - h = 6*x, -3*x = 5*s + 14. Calculate c(s).
8
Let s(p) = p**3 + p**2 + 2*p - 59. Let m be s(0). Let z = m + 56. Let l be 17/z + (60/18)/5. Let n(w) = -3*w + 6. Determine n(l).
21
Let q(r) = -r**2 - 17*r - 37. Let l = -57 + 64. Suppose -3*w + l*w + 60 = 0. Let b be q(w). Let x(d) = d**3 + 6*d**2 - 8*d + 10. Calculate x(b).
17
Let g(a) = a**3 - 2*a**2 - 2*a + 5. Let h(i) = -i**3 + 3*i**2 + 3*i - 6. Let w(v) = -7*g(v) - 6*h(v). Suppose -106*u - 63 = -85*u. Calculate w(u).
4
Let l(v) = v**3 + v - 18. Let i(m) = -m**2 - 3*m + 7. Let q be i(-4). Suppose 4*o = -q*y - 4 + 27, -4*o - 5*y = -33. Suppose x = -o*x. Calculate l(x).
-18
Let j(t) = 53*t + 1360. Let o be j(-26). Let b(h) = h**2 + 16*h - 8. What is b(o)?
28
Let p be 4/((-4)/(-5)) - -2. Let f(k) be the third derivative of k**4/24 - k**3/3 - 111*k**2 - 10*k. Give f(p).
5
Let t = 22225 - 22230. Let a(r) = 2*r**3 + 7*r**2 + 8*r + 6. Calculate a(t).
-109
Let s(b) = -2*b**2 - 7*b + 4. Let t = -41 - -37. Let c be s(t). Let o(j) = 0 + 3*j - 1 - 4*j - 1. Calculate o(c).
-2
Let t(h) = -h**2 - 30*h - 35. Let s be t(-11). Suppose s - 24 = 10*k. Let m(w) = w - 9. Calculate m(k).
6
Let p(q) = 297*q - 594. Let z be p(2). Let v(f) = f**2 - 2*f - 4. Determine v(z).
-4
Suppose 5*j + 25 = 0, 6*j - 2*j = 5*p - 20. Let b(d) be the second derivative of d**3/6 - 7*d**2 - 4*d. What is b(p)?
-14
Let y = 18311 + -36617/2. Let h(m) be the second derivative of 6*m + 0 + y*m**2 - 7/6*m**3 - 1/12*m**4. Give h(-9).
-13
Let t(n) = -8*n**2 + 177437 - 177443 - 107*n + 26*n. Give t(-10).
4
Suppose r - 75 = -0*r + h, 3 = -h. Suppose -2*u - r = -14*u. Let i(q) = 2*q**2 - 16*q + 7. Calculate i(u).
-17
Let g(f) be the second derivative of -3*f**4/2 + f**3/2 - 5*f**2 - 3195*f. Calculate g(2).
-76
Let t = -35 + 37. Let s be 1/3 - (t/2)/3. Let h(j) = j**3 - 9*j**2 - 2*j**3 - 4*j + 8 + s*j + 2*j**2. Determine h(-6).
-4
Let o be (0 - -2)/((-8)/4). Let x(y) = 8 - 21*y + 4 + 8 - 16 - 3 + 16*y. Give x(o).
6
Let h = 153 - 145. Let j(z) = -h + 3 - 4*z - 9 + 6*z. What is j(9)?
4
Let q(w) = 4*w - 2. Let r = -71 - -132. Suppose -11*c + r = 17. Give q(c).
14
Let n be (0 - (-1)/7) + (-86)/14. Let f(s) = -3*s**3 + 7*s**2 + 7*s**3 - 2*s**3 - 5 + 5*s - s**3. What is f(n)?
1
Let b(p) = p**2 - 9*p + 7. Let y be (-48)/(-4)*2/(-4). Let f be (y - -2)/(-4)*-10. Let q be 12/f*(240/18)/(-2). What is b(q)?
-1
Let g = 243 - 241. Let x(b) = -b**g - 4*b - 10 - 11 - 10 + 34. What is x(-4)?
3
Let t = 3 + 4. Suppose 252*j - 251*j + t = 0. Let i(w) = -2*w + 5. Give i(j).
19
Suppose -2 = s - 5. Let r(q) be the first derivative of q**3/3 + 3*q**2/2 - 4*q - 1445. What is r(s)?
14
Let o(g) = -g**3 + 10*g - 2*g - 5*g**2 - 1 - 2. Let f(v) = 2*v**2 + 58*v - 510. Let t be f(-36). Give o(t).
-15
Suppose -63*j = -19492 + 18610. Let v(k) = -k**3 + 15*k**2 - 18*k + 29. Determine v(j).
-27
Let x(q) be the third derivative of -q**6/60 - q**5/12 + q**4/24 - 5*q**3/6 - q**2 - 178. Calculate x(-4).
39
Let p(k) = 5*k**2 - 5*k + 2. Let h(s) = -2*s**3 - 17*s**2 - 4*s + 25. Let r be h(-8). Let n(i) = -i**3 - 6*i**2 + 11*i + 31. Let v be n(r). Determine p(v).
32
Let g(n) = -n**3 - n**2 + n + 1. Let k(y) = -6*y**3 - 5*y**2 + 6*y - 2. Let q = -138 - -137. Let m(s) = q*k(s) + 5*g(s). Let z = -2 + 2. Give m(z).
7
Suppose -32 = -4*a + r, -r = 4*a - 75 + 43. Let b(x) = x**2 - 46. Give b(a).
18
Let c(l) be the first derivative of -l**3/3 - l**2/2 - 14*l + 421. Suppose -7*g + 5*g = 0. Give c(g).
-14
Let m(l) = 2 - 1 + 7*l**2 - 3*l**2. Let f be 1*(-42 + 43)/(-1 + 0). Give m(f).
5
Suppose 2*i + 2 = 190*m - 192*m, -5*i = 3*m + 3. Let s(t) = t + 28. Calculate s(i).
28
Let d(o) = -7*o**2 + 7*o + 12. Let u(t) = -6*t**2 + 7*t + 12. Let h = 522 - 517. Let z(b) = h*d(b) - 6*u(b). Determine z(9).
6
Let b be 1*2*(-34)/(-68). Let k(c) = -c**2 - 19*c + 16*c - b + 5*c. What is k(2)?
-1
Let p(b) be the second derivative of b**5/30 + 5*b**4/24 + b**3/6 - 135*b**2/2 + 158*b. Let v(z) be the first derivative of p(z). Calculate v(-4).
13
Suppose -3*n = -3*w - 66, -3*n - 2*w + 452 = 416. Let y(x) = x**2 - 17*x - 14. Give y(n).
-30
Let v(n) be the third derivative of -1/24*n**4 + 0*n - n**2 + 5/6*n**3 + 0. Let d(i) = i**3 - 46*i**2 - 90*i - 282. Let p be d(48). What is v(p)?
-1
Let u(f) = f**2 + f - 1. Let d(o) = 27*o - 163. Let g be d(6). Let i be 1*(1 - (-5)/g). Give u(i).
11
Suppose 2*b + 199 = -13*u + 52, 0 = -2*u - b - 24. Let v(k) = -7*k**2 - 17*k + 8. Let g(j) = 4*j**2 + 8*j - 4. Let t(f) = 5*g(f) + 3*v(f). Calculate t(u).
4
Let f(s) = s**3 + 7*s**2 + 4*s - 5. Let j be (12/16*2)/(6/80). Suppose o + 3*q = -j, -9 = -o + 4*q + 6. Give f(o).
25
Let g(n) = -n - 8. Let m = -65 - 38. Let k = 103 + m. Suppose k = -2*l - 3*u - 17, 24 = -2*l - 2*l 